5
In base 9, what is -70 + 165?
85
In base 7, what is 10 - -206?
216
In base 9, what is -2 - 501?
-503
In base 5, what is 11240 + -2?
11233
In base 5, what is -10 + 320?
310
In base 3, what is 101 + -120?
-12
In base 2, what is -11001001110 + 0?
-11001001110
In base 10, what is 108 + -3?
105
In base 12, what is -3 - 53b?
-542
In base 13, what is 1b + -c6?
-a8
In base 15, what is 5 + 83b?
841
In base 15, what is 1 - -90?
91
In base 12, what is 3 - -1710?
1713
In base 14, what is -47 - 144?
-18b
In base 15, what is 20 + -41?
-21
In base 10, what is -85 - -3?
-82
In base 10, what is 713 + 5?
718
In base 4, what is 33 - -100?
133
In base 16, what is 31 - -b?
3c
In base 16, what is -b - 4?
-f
In base 15, what is 4 + -205?
-201
In base 15, what is 3 + 0?
3
In base 16, what is 2 - 40?
-3e
In base 6, what is -3 - 2253?
-2300
In base 15, what is 2dd + -5?
2d8
In base 7, what is -203 - -1?
-202
In base 16, what is -11 + -6?
-17
In base 6, what is -1104 + -3?
-1111
In base 7, what is 4 + 203?
210
In base 14, what is 267 + -23?
244
In base 8, what is 0 + -304?
-304
In base 13, what is -183 - -2b?
-155
In base 8, what is -7 - -636?
627
In base 6, what is 3 - 133?
-130
In base 9, what is -12827 - 4?
-12832
In base 9, what is -5 + -12?
-17
In base 15, what is 79 + -4?
75
In base 9, what is -208 + 16?
-182
In base 11, what is 3 - -4a?
52
In base 5, what is -33 + 11?
-22
In base 13, what is 2 - -10?
12
In base 16, what is 2 - 112?
-110
In base 14, what is 0 - 34?
-34
In base 12, what is -3 + -139?
-140
In base 15, what is 10 + -aa?
-9a
In base 10, what is 3 - -82?
85
In base 12, what is -14 - 34?
-48
In base 10, what is -20 - -27?
7
In base 7, what is -3 - 53?
-56
In base 9, what is -881 - 6?
-887
In base 6, what is -1420 - -2?
-1414
In base 15, what is 11 + 80?
91
In base 16, what is -30e - -2?
-30c
In base 10, what is -89 + -1?
-90
In base 11, what is -5 + -22?
-27
In base 10, what is 0 - -347?
347
In base 11, what is 176 - 26?
150
In base 7, what is -446 - 31?
-510
In base 7, what is -131 + 4?
-124
In base 13, what is 5a8 + 3?
5ab
In base 9, what is 2 + -2440?
-2437
In base 9, what is 22 - -72?
104
In base 5, what is 0 + -42?
-42
In base 7, what is 141 - -3?
144
In base 12, what is -1 - 12?
-13
In base 11, what is -6 + -300?
-306
In base 11, what is 1 - 222?
-221
In base 2, what is 0 + -11101?
-11101
In base 10, what is -16 + -28?
-44
In base 7, what is -2 - -4352?
4350
In base 3, what is 21 + 201?
222
In base 16, what is -2 - -bf?
bd
In base 3, what is 0 - 11020?
-11020
In base 15, what is 32 + -2?
30
In base 14, what is 8 + -34?
-2a
In base 5, what is 3 - -34?
42
In base 16, what is 74 + 3?
77
In base 13, what is -9 + -299?
-2a5
In base 10, what is -5493 - 4?
-5497
In base 2, what is 101 - 10110011011?
-10110010110
In base 9, what is -27 - 77?
-115
In base 10, what is 0 - -178?
178
In base 3, what is -111 - -2?
-102
In base 11, what is -4 + 1572?
1569
In base 14, what is 7 + -1c?
-15
In base 2, what is -110 + -1000?
-1110
In base 9, what is -2775 - 1?
-2776
In base 4, what is -3 - 303?
-312
In base 2, what is -100 - 10010010?
-10010110
In base 6, what is 54 + 141?
235
In base 8, what is 4 + 3046?
3052
In base 16, what is -e41 + 2?
-e3f
In base 7, what is -1414 + 5?
-1406
In base 9, what is 14 + -5?
8
In base 13, what is -19 + 0?
-19
In base 13, what is -3 + -144?
-147
In base 2, what is -11 + 110001?
101110
In base 14, what is 1 - -2c?
2d
In base 15, what is 20a - 5?
205
In base 5, what is -10 - 242132?
-242142
In base 16, what is -3 + 8fd?
8fa
In base 3, what is -1111 - -11011?
2200
In base 14, what is 10 + 5?
15
In base 7, what is 110 + 2?
112
In base 7, what is 14066 + -5?
14061
In base 14, what is -7 + -10d?
-116
In base 8, what is 3 - -1102?
1105
In base 3, what is 22 + -1201201?
-1201102
In base 15, what is -3 - 43?
-46
In base 6, what is 1032 - -2?
1034
In base 14, what is -5 - -46?
41
In base 5, what is -12 - -203?
141
In base 5, what is 13 + -34?
-21
In base 5, what is -223 + -2030?
-2303
In base 13, what is -3 - 12?
-15
In base 9, what is 10 - 1?
8
In base 13, what is 13 - 13?
0
In base 13, what is -109 - -31?
-a8
In base 12, what is -7 + 2?
-5
In base 13, what is -3 + 2b9?
2b6
In base 11, what is 389 + -2?
387
In base 8, what is 750 + -1?
747
In base 3, what is 121022 + 1?
121100
In base 2, what is 1 - -10000100?
10000101
In base 16, what is 0 - 25?
-25
In base 10, what is -1529 - -5?
-1524
In base 5, what is -20 - -20201?
20131
In base 10, what is 0 - -209?
209
In base 15, what is -2e - -9?
-25
In base 13, what is -4 - 92?
-96
In base 4, what is -2122 - 2?
-2130
In base 8, what is 2 + 110?
112
In base 12, what is -2 + -2a9?
-2ab
In base 2, what is 10 - -1111001101?
1111001111
In base 9, what is 846 + 18?
865
In base 5, what is 122 + -10?
112
In base 7, what is -5 - -2?
-3
In base 3, what is -11 + -1211?
-1222
In base 11, what is 81 - -1?
82
In base 12, what is 3 - -7a?
81
In base 7, what is 445 + 5?
453
In base 15, what is 0 - 86?
-86
In base 16, what is -5 + 131?
12c
In base 9, what is 5 + -2057?
-2052
In base 13, what is -1 + 416?
415
In base 2, what is 1001 - 1111100?
-1110011
In base 12, what is -1 - -24a?
249
In base 4, what is 1022230 - 1?
1022223
In base 14, what is 1 + 0?
1
In base 14, what is -6572 + -2?
-6574
In base 14, what is 5d - -4?
63
In base 16, what is -220 - 4?
-224
In base 7, what is -66 + -34?
-133
In base 3, what is 1200012 + 22?
1200111
In base 2, what is -1000000101 - 111?
-1000001100
In base 3, what is 22210 + 11?
22221
In base 10, what is -458 + 9?
-449
In base 8, what is -2 - 226?
-230
In base 14, what is 53 + 9?
5c
In base 15, what is -e42 - -2?
-e40
In base 6, what is 1 + -2431?
-2430
In base 14, what is -32 - -4?
-2c
In base 5, what is 12331 - 3?
12323
In base 6, what is 3 - -343?
350
In base 14, what is -22 + 0?
-22
In base 6, what is -2 + -5312?
-5314
In base 7, what is -2 - 1264?
-1266
In base 5, what is -1114 + -430?
-2044
In base 6, what is 31 - -15?
50
In base 11, what is 2 + -595?
-593
In base 13, what is -4 + 1b?
17
In base 16, what is 13 - 27?
-14
In base 3, what is -21 - -1?
-20
In base 15, what is 23 + -1e?
4
In base 10, what is -3 + -41?
-44
In base 2, what is -11011 + -1?
-11100
In base 2, what is 10110 + -1110?
1000
In base 11, what is -3 - 15a7?
-15aa
In base 8, what is -302 - -2?
-300
In base 16, what is 2 - -12d?
12f
In base 7, what is -1442 - -4?
-1435
In base 7, what is -12 - -13?
1
In base 7, what is 11 + -24?
-13
In base 8, what is 17 - -705?
724
In base 12, what is 294 - 1?
293
In base 14, what is 25 + 12?
37
In base 11, what is 136 + 0?
136
In base 13, what is 948 - -2?
94a
In base 15, what is -3 - -a8d?
a8a
In base 8, what is -12 - -642?
630
In base 3, what is -2121 - 11?
-2202
In base 14, what is 384b + -2?
3849
In base 10, what is -943 - -1?
-942
In base 7, what is -115 - -34?
-51
In base 2, what is -1100101010 - 101?
-1100101111
In base 4, what is -120 - -1?
-113
In base 13, what is -4c + 12?
-3a
In base 3, what is 21 - 10?
11
In base 9, what is -12015 + 1?
-12014
In base 3, what is 20 + -12?
1
In base 14, what is dd2 + 5?
dd7
In base 2, what is 10000010 - 10?
10000000
In base 9, what is 262 + 5?
267
In base 7, what is 51 + -1?
50
In base 7, what is 4 - 122?
-115
In base 2, what is -10000111 - -100011?
-1100100
In base 4, what is 13 + -3?
10
In base 13, what is 1a1 - -5?
1a6
In base 15, what is -5 + 27e?
279
In base 10, what is 223 - 3?
220
In base 11, what is -195 + 2?
-193
In base 12, what is 2a + 1a?
48
In base 10, what is -5 - 205?
-210
In base 7, what is -3 + -6542?
-6545
In base 11, what is -202 + 23?
-18a
In base 6, what is -135520 - 2?
-135522
In base 11, what is a25 - 11?
a14
In base 7, what is 15 + -121?
-103
In base 7, what is -144 + -2?
-146
In base 14, what is 9d + 2?
a1
In base 6, what is -21525 + 1?
-21524
In base 13, what is 11 + -174?
-163
In base 15, what is -e - -12a?
11b
In base 3, what is -102001 + 10?
-101221
In base 8, what is 3641 - 2?
3637
In base 8, what is 13 + 27?
42
In base 16, what is 3 + -205?
-202
In base 3, what is -12 - -202210?
202121
In base 7, what is -3 + -444?
-450
In base 7, what is -4 + 2242?
2235
In base 4, what is -20 + -203?
-223
In base 14, what is -6 + 2?
-4
In base 9, what is -62 - 1?
-63
In base 6, what is -3342 - 0?
-3342
In base 12, 